f 1486?
8
What is the thousands digit of 4966?
4
What is the tens digit of 1629?
2
What is the units digit of 33156?
6
What is the hundreds digit of 1046?
0
What is the units digit of 409?
9
What is the tens digit of 949?
4
What is the tens digit of 1732?
3
What is the units digit of 893?
3
What is the hundreds digit of 1649?
6
What is the tens digit of 158684?
8
What is the tens digit of 1897?
9
What is the units digit of 20939?
9
What is the tens digit of 79744?
4
What is the hundreds digit of 16423?
4
What is the units digit of 6267?
7
What is the units digit of 3157?
7
What is the hundreds digit of 662?
6
What is the hundreds digit of 3692?
6
What is the thousands digit of 55865?
5
What is the tens digit of 690?
9
What is the units digit of 732?
2
What is the thousands digit of 4662?
4
What is the thousands digit of 4328?
4
What is the hundreds digit of 1698?
6
What is the thousands digit of 5566?
5
What is the thousands digit of 43205?
3
What is the units digit of 4984?
4
What is the hundreds digit of 10402?
4
What is the hundreds digit of 15816?
8
What is the hundreds digit of 11561?
5
What is the tens digit of 6604?
0
What is the hundreds digit of 754?
7
What is the units digit of 1335?
5
What is the hundreds digit of 6221?
2
What is the tens digit of 28639?
3
What is the units digit of 2400?
0
What is the thousands digit of 6561?
6
What is the thousands digit of 11755?
1
What is the units digit of 4599?
9
What is the hundreds digit of 370?
3
What is the units digit of 15782?
2
What is the thousands digit of 46004?
6
What is the hundreds digit of 249?
2
What is the thousands digit of 3804?
3
What is the units digit of 764?
4
What is the thousands digit of 69912?
9
What is the tens digit of 16951?
5
What is the hundreds digit of 8243?
2
What is the hundreds digit of 6837?
8
What is the thousands digit of 6499?
6
What is the units digit of 143?
3
What is the ten thousands digit of 30730?
3
What is the tens digit of 5139?
3
What is the hundreds digit of 1173?
1
What is the hundreds digit of 2493?
4
What is the hundreds digit of 40467?
4
What is the units digit of 11831?
1
What is the tens digit of 7076?
7
What is the hundreds digit of 7147?
1
What is the tens digit of 16260?
6
What is the hundreds digit of 84066?
0
What is the tens digit of 2061?
6
What is the tens digit of 2487?
8
What is the hundreds digit of 6068?
0
What is the units digit of 1901?
1
What is the ten thousands digit of 81651?
8
What is the thousands digit of 23519?
3
What is the hundreds digit of 24988?
9
What is the ten thousands digit of 120189?
2
What is the thousands digit of 1056?
1
What is the ten thousands digit of 20490?
2
What is the tens digit of 58767?
6
What is the thousands digit of 1976?
1
What is the units digit of 936?
6
What is the units digit of 137?
7
What is the thousands digit of 6459?
6
What is the tens digit of 5436?
3
What is the units digit of 61778?
8
What is the thousands digit of 29360?
9
What is the units digit of 65166?
6
What is the thousands digit of 2767?
2
What is the units digit of 9789?
9
What is the hundreds digit of 45854?
8
What is the tens digit of 4799?
9
What is the thousands digit of 1654?
1
What is the thousands digit of 8276?
8
What is the tens digit of 4001?
0
What is the tens digit of 2259?
5
What is the units digit of 4891?
1
What is the units digit of 2252?
2
What is the units digit of 1167?
7
What is the units digit of 10457?
7
What is the hundreds digit of 4323?
3
What is the thousands digit of 118865?
8
What is the ten thousands digit of 56001?
5
What is the hundreds digit of 2774?
7
What is the units digit of 80703?
3
What is the hundreds digit of 881?
8
What is the units digit of 3595?
5
What is the units digit of 34959?
9
What is the units digit of 457?
7
What is the thousands digit of 2001?
2
What is the hundreds digit of 30361?
3
What is the hundreds digit of 2222?
2
What is the tens digit of 20249?
4
What is the hundred thousands digit of 114138?
1
What is the thousands digit of 2521?
2
What is the thousands digit of 3139?
3
What is the thousands digit of 16329?
6
What is the tens digit of 25211?
1
What is the hundreds digit of 3152?
1
What is the hundred thousands digit of 116113?
1
What is the hundreds digit of 59927?
9
What is the tens digit of 1907?
0
What is the tens digit of 141?
4
What is the thousands digit of 3477?
3
What is the tens digit of 4780?
8
What is the units digit of 4264?
4
What is the tens digit of 251?
5
What is the thousands digit of 58191?
8
What is the tens digit of 119669?
6
What is the units digit of 969?
9
What is the tens digit of 16236?
3
What is the hundreds digit of 1344?
3
What is the ten thousands digit of 51430?
5
What is the hundreds digit of 2633?
6
What is the units digit of 1045?
5
What is the tens digit of 1576?
7
What is the thousands digit of 3541?
3
What is the hundreds digit of 66182?
1
What is the units digit of 6494?
4
What is the units digit of 107?
7
What is the units digit of 45?
5
What is the tens digit of 734?
3
What is the tens digit of 291?
9
What is the tens digit of 592?
9
What is the hundreds digit of 117162?
1
What is the tens digit of 1232?
3
What is the thousands digit of 57938?
7
What is the tens digit of 1112?
1
What is the tens digit of 1327?
2
What is the thousands digit of 3772?
3
What is the hundreds digit of 4049?
0
What is the thousands digit of 1904?
1
What is the units digit of 4052?
2
What is the thousands digit of 1923?
1
What is the hundred thousands digit of 169599?
1
What is the hundreds digit of 740?
7
What is the thousands digit of 2755?
2
What is the tens digit of 375?
7
What is the hundreds digit of 7055?
0
What is the ten thousands digit of 17302?
1
What is the thousands digit of 1315?
1
What is the tens digit of 3861?
6
What is the tens digit of 2960?
6
What is the units digit of 1511?
1
What is the hundreds digit of 29185?
1
What is the units digit of 35426?
6
What is the tens digit of 45236?
3
What is the hundreds digit of 3547?
5
What is the hundreds digit of 9000?
0
What is the hundreds digit of 4464?
4
What is the units digit of 8263?
3
What is the units digit of 4451?
1
What is the units digit of 1914?
4
What is the tens digit of 4375?
7
What is the units digit of 18541?
1
What is the hundreds digit of 165937?
9
What is the tens digit of 1427?
2
What is the hundreds digit of 19930?
9
What is the ten thousands digit of 93462?
9
What is the units digit of 4360?
0
What is the hundreds digit of 429?
4
What is the units digit of 9984?
4
What is the units digit of 76412?
2
What is the units digit of 44536?
6
What is the thousands digit of 7352?
7
What is the tens digit of 903?
0
What is the ten thousands digit of 19788?
1
What is the units digit of 150922?
2
What is the hundreds digit of 1833?
8
What is the units digit of 9520?
0
What is the tens digit of 1500?
0
What is the hundreds digit of 40753?
7
What is the tens digit of 1531?
3
What is the thousands digit of 2775?
2
What is the hundreds digit of 553?
5
What is the tens digit of 4534?
3
What is the units digit of 1015?
5
What is the tens digit of 188?
8
What is the tens digit of 48050?
5
What is the tens digit of 36013?
1
What is the tens digit of 390?
9
What is the ten thousands digit of 19396?
1
What is the hundreds digit of 21261?
2
What is the thousands digit of 47664?
7
What is the tens digit of 1413?
1
What is the units digit of 22754?
4
What is the ten thousands digit of 10178?
1
What is the units digit of 2945?
5
What is the hundreds digit of 736?
7
What is the ten thousands digit of 76880?
7
What is the hundreds digit of 11283?
2
What is the units digit of 574?
4
What is the tens digit of 12593?
9
What is the units digit of 4416?
6
What is the tens digit of 2096?
9
What is the tens digit of 25779?
7
What is the thousands digit of 3625?
3
What is the units digit of 349?
9
What is the units digit of 5763?
3
What is the units digit of 783?
3
What is the tens digit of 13012?
1
What is the ten thousands digit of 34610?
3
What is the units digit of 10457?
7
What is the hundreds digit of 5270?
2
What is the thousands digit of 9550?
9
What is the tens digit of 118899?
9
What is the units digit of 1122?
2
What is the hundreds digit of 802?
8
What is the units digit of 1423?
